13.
12
Let k = -15 + 5. What is the remainder when 28 is divided by 1*k*3/(-2)?
13
Let w(n) = -n**3 + 6*n**2 + 8*n - 8. Let v be w(7). Let l = -1 - v. Suppose 0 = -2*f - l*f + 38. Calculate the remainder when f is divided by 7.
5
Calculate the remainder when 578/8 - 2/8 is divided by 25.
22
Let d be 15/6*(1 + 1). Suppose a + 3*v - 6*v = 22, d*a - 15 = -4*v. Suppose 3*l - 50 = 10. Calculate the remainder when l is divided by a.
6
Suppose q = -0*q + 14. Let r = q - 5. What is the remainder when 25 is divided by r?
7
Let a(i) = i**3 + 11*i**2 - 5. Let n be a(-11). Let c = n - -15. Calculate the remainder when 29 is divided by c.
9
Let m = -8 - -11. Suppose -m*c - 47 = -7*r + 3*r, 3*c = 5*r - 55. What is the remainder when 22 is divided by r?
6
Let s = -3 + 5. Suppose -g - s = -6. What is the remainder when g is divided by (7 - 10) + 5*1?
0
Calculate the remainder when -2 - 172/(-2)*3/6 is divided by 11.
8
Suppose 20 = -5*f, 5*p + f - 5*f - 36 = 0. Suppose -p*j = -646 + 194. Calculate the remainder when j is divided by 29.
26
Suppose -32 + 188 = 6*q. What is the remainder when q is divided by 8?
2
Suppose -3*j + 4*g + 24 = -j, 0 = 5*g + 25. Suppose -5*t + 57 = -j*t. Calculate the remainder when 35 is divided by t.
16
Let j = 101 - 57. What is the remainder when j is divided by 23?
21
Suppose -66 = 5*k - 3*b, -b = 5*k + b + 81. Let q = 26 - k. What is the remainder when q is divided by 11?
8
Let k be 3 + (0 - 3)/3. Suppose k = n - 3. Suppose -42 = -n*r + 13. Calculate the remainder when 20 is divided by r.
9
Suppose -14 = 3*o + 1. Let r = o - -11. Calculate the remainder when 17 is divided by r.
5
Let i = -2 + 4. Suppose -2*m - 8 = -4*u, 3*m + i*u = -u + 24. Let j(c) = c + 1. What is the remainder when j(6) is divided by m?
3
Let o = 41 - 15. Let z = 255 - 180. Calculate the remainder when z is divided by o.
23
Suppose 0 = 5*l - 35 + 5. Suppose -39 - 60 = -9*j. Calculate the remainder when j is divided by l.
5
Let r = -8 - -12. Let o(i) = i**3 - 3*i**2 + 2. Let j be o(r). Let y = -6 + j. What is the remainder when 34 is divided by y?
10
Let r be 1 + -1 - (25 + 6). Let o = 70 + r. What is the remainder when o is divided by 10?
9
Let p(l) = l**2 - 3*l - 9. Calculate the remainder when p(7) is divided by 5.
4
Let h(j) = 2*j - 24. Let t(w) = 1. Let g(d) = -h(d) + 10*t(d). Let k = -13 + 25. What is the remainder when g(0) is divided by k?
10
Suppose -3*j + 1 = -14. Suppose 2*p + j = 15. Suppose -p*f + 15 = -5*l, -4*f + l + 4 = -5. What is the remainder when 2 is divided by f?
0
Suppose -8*m = -4*m - 40. Let a = m + -30. Let u = -10 - a. What is the remainder when 18 is divided by u?
8
Suppose 4*s = 5*s + 2. What is the remainder when (16/(-10) + s)*-10 is divided by 19?
17
Suppose 0*y + 58 = 2*y - 3*f, -5*y + 4*f + 138 = 0. What is the remainder when y is divided by 10?
6
What is the remainder when 64 is divided by 2*(55/2)/5?
9
Suppose 0 = -63*y + 59*y + 200. What is the remainder when y is divided by 27?
23
Suppose -3*p = d - 77, 0 = 3*d + 5*p - 39 - 172. Suppose a - 4*c + 2 = 0, c = -5*a - 3*c + d. What is the remainder when 28 is divided by a?
8
Suppose 0 = 3*s + s. Suppose 5*k - 3*g - 95 = 0, s = k + 3*g - 4*g - 19. What is the remainder when k is divided by 2/(-6) + 31/3?
9
Let f be (-2)/11 + (-414)/22. Let h = 9 - f. Calculate the remainder when 54 is divided by h.
26
Suppose -4*p = 8*o - 5*o - 142, 2*p + 154 = 3*o. What is the remainder when o is divided by 31?
19
Calculate the remainder when 30 is divided by (-10 - 1)*(-2 - -1).
8
Let s(a) = -a + 6. Let w be s(0). Suppose 2*x = 4*l - 26, -5*l + 0*x + 40 = 5*x. What is the remainder when (-172)/(-14) + w/(-21) is divided by l?
5
Let k(h) = -19*h**2 - 2*h + 2. Let l be k(-2). Let d = -4 + 16. Calculate the remainder when (-1 - -2)*l/(-2) is divided by d.
11
Let f be ((-22)/33)/((-56)/30 + 2). Let p(i) = i + 1. Let l(a) = 8*a + 10. Let q(w) = 2*l(w) - 18*p(w). What is the remainder when 34 is divided by q(f)?
10
Suppose 0 = t - 44 - 3. Calculate the remainder when t is divided by 7.
5
Suppose -5*p + 135 - 50 = 0. Suppose -5*z - 2 = -p. Let u(b) = b + 3. Calculate the remainder when u(z) is divided by 4.
2
Suppose 0 = -3*u + 4*u - 11. Suppose m = 3*o - 2, 2*m + 1 = o + 4*o. What is the remainder when u is divided by m?
4
Let c = 43 - 33. Suppose 3*j = 2*g - 3*g + 88, 4*g + 54 = 2*j. Calculate the remainder when j is divided by c.
9
Let l(d) = 32*d - 3. Suppose -b - 2*c - 4 + 11 = 0, -5*b + 11 = 2*c. What is the remainder when l(b) is divided by 15?
14
Let q be 724/6 + (-2)/3. Let k(g) = -g**2 - 13*g + 6. Let n be k(5). Let b = q + n. Calculate the remainder when b is divided by 19.
17
Suppose -2*q - 4*y = -20, 3*y - 10 + 1 = 0. Suppose 0 = -2*r + 4. What is the remainder when q is divided by r?
0
Let l = 60 + -38. What is the remainder when 65 is divided by l?
21
Let f(v) = 5*v**2 + 3*v + 2. Let c be (16/(-6))/(2/(-3)). Let h = -6 + c. Calculate the remainder when 47 is divided by f(h).
15
Let q = 206 + -112. What is the remainder when q is divided by 32?
30
Let l(n) = 15*n - 3. Let c be 80/44 + (-4)/(-22). Suppose 0 = c*z - 21 - 7. Calculate the remainder when l(2) is divided by z.
13
Let r be (40/(-6))/(14/(-21)). Suppose -2*i + 14 = -r. Calculate the remainder when 32 is divided by i.
8
Let t(p) = -6*p - 7. Suppose 0 = -0*h - 5*h. Suppose h = 3*o - a - 23, 9*o - 3*a = 4*o + 37. Calculate the remainder when t(-5) is divided by o.
7
Let u(b) = -b**2 - 14*b - 13. Calculate the remainder when 125 is divided by u(-9).
29
Let b = -11 + 13. Suppose -5*v = b*f - 40, 0 = 4*v + v + 10. Calculate the remainder when f is divided by ((-27)/(-6))/((-2)/(-4)).
7
Suppose -2*d = -34 - 62. Calculate the remainder when d is divided by 25.
23
Let y = -36 - -57. What is the remainder when y is divided by 12?
9
Suppose -5*k + 58 = -87. Let x = k + -15. Suppose -23 - 58 = -3*c. What is the remainder when c is divided by x?
13
Let x = 36 - 19. Suppose -3*t - 81 = 63. Calculate the remainder when (-20)/6*t/5 is divided by x.
15
Suppose 0 = -l - l - 8, -4*p = -l - 32. Suppose 0*x = 2*x + 8, -3*x = 2*b - 118. Suppose -5*q + 0*q + b = 0. Calculate the remainder when q is divided by p.
6
Let y(w) = w**3 - 6*w**2 - 6*w - 3. Calculate the remainder when 13 is divided by y(7).
1
Suppose -5 = -5*x - 0*x. Calculate the remainder when 3 is divided by x.
0
Let b(d) = -d**3 + 11*d**2 - 9*d - 9. Let m be b(10). Calculate the remainder when 67 is divided by 3 - 1/(m/(-20)).
21
Let m = -18 + 46. Calculate the remainder when m is divided by 8.
4
Suppose 9*f = 3*f + 246. Calculate the remainder when f is divided by 14.
13
Let d = 2 + 2. Suppose -3*g - x + 31 = 0, -g - 3*g = d*x - 28. What is the remainder when 22 is divided by g?
10
Let p = 26 + -6. Let t = -8 - 12. Let v = t + 78. What is the remainder when v is divided by p?
18
Suppose -3*o = -3*v + 51, -3*o - 39 = -5*v + 40. Calculate the remainder when 54 is divided by v.
12
Suppose 0 = -d - 4 + 16. What is the remainder when 35 is divided by d?
11
Let m = -2 + 5. Suppose -m*f = 2*f. Calculate the remainder when 14 is divided by 2 + f + 2 - -1.
4
Let y(c) = -c. Let g be y(-7). Let o(w) = -w + 10. Calculate the remainder when 5 is divided by o(g).
2
Let l(x) = -17*x**3 + x**2 + 2*x + 3. What is the remainder when l(-2) is divided by 20?
19
Suppose 5*f = 52 + 33. Calculate the remainder when 30 is divided by f.
13
Suppose 0 = 2*v + 4. Let y be (28 + v)/((-4)/(-6)). Let r = 68 - y. What is the remainder when r is divided by 10?
9
Suppose 5*s - 3*c = -4, -2*s = -2*c + c + 1. What is the remainder when s - (-1 - 28 - 0) is divided by 16?
14
Let k(o) be the third derivative of -o**6/40 + o**5/30 - o**4/24 - o**3/3 - 7*o**2. Calculate the remainder when 7 is divided by k(-1).
3
Suppose -24 = 7*d - 73. Calculate the remainder when 48 is divided by d.
6
Let p(l) = 5*l**2 - 3*l. What is the remainder when 15/2*(-16)/(-3) is divided by p(2)?
12
Let n = -33 + 5. Let m = 67 + n. Suppose 2*v = 5*v - s - 89, -v + m = 2*s. What is the remainder when v is divided by 11?
9
Suppose 0*j + 3*j - 15 = 0. Let s(z) = -z**3 - z**2 - z + 18. Calculate the remainder when s(0) is divided by j.
3
Suppose -4*n + 104 = -0. What is the remainder when n is divided by 14?
12
Let j = 23 + -17. Calculate the rema